{"id":10,"date":"2025-04-06T15:27:25","date_gmt":"2025-04-06T15:27:25","guid":{"rendered":"https:\/\/northserwis.pl\/?page_id=10"},"modified":"2025-04-06T17:25:48","modified_gmt":"2025-04-06T17:25:48","slug":"strona-glowna","status":"publish","type":"page","link":"https:\/\/northserwis.pl\/","title":{"rendered":"Home"},"content":{"rendered":"\n<p>North Serwis to do\u015bwiadczona firma dzia\u0142aj\u0105ca na rynku od 2008 roku, specjalizuj\u0105ca si\u0119 w kompleksowym monta\u017cu, demonta\u017cu oraz serwisie maszyn przemys\u0142owych, w szczeg\u00f3lno\u015bci urz\u0105dze\u0144 z grupy HOMAG \u2013 lidera w dziedzinie technologii dla przemys\u0142u meblarskiego i drzewnego.<\/p>\n\n\n\n<p>Od pocz\u0105tku dzia\u0142alno\u015bci koncentrujemy si\u0119 na wysokiej jako\u015bci us\u0142ugach technicznych, zapewniaj\u0105c naszym klientom niezawodne wsparcie na ka\u017cdym etapie cyklu \u017cycia maszyny \u2013 od pierwszego uruchomienia, przez modernizacje, a\u017c po relokacje i diagnostyk\u0119 awarii.<br><\/p>\n\n\n\n<p>\ud83e\udd16 Automatyzacja i robotyzacja<\/p>\n\n\n\n<p>W odpowiedzi na dynamiczny rozw\u00f3j technologii przemys\u0142owej, rozszerzyli\u015bmy nasze kompetencje o projektowanie i budow\u0119 zaawansowanej automatyki przemys\u0142owej. Realizujemy integracje linii produkcyjnych z robotami przemys\u0142owymi KUKA, dostarczaj\u0105c rozwi\u0105zania dopasowane do indywidualnych potrzeb klient\u00f3w z r\u00f3\u017cnych bran\u017c.<\/p>\n\n\n\n<p>Dzi\u0119ki wieloletniemu do\u015bwiadczeniu oraz zespo\u0142owi wykwalifikowanych specjalist\u00f3w \u0142\u0105czymy \u015bwiat maszyn klasycznych z nowoczesn\u0105 robotyk\u0105, tworz\u0105c wydajne, bezpieczne i nowoczesne stanowiska produkcyjne.<br><\/p>\n\n\n\n<p><\/p>\n","protected":false},"excerpt":{"rendered":"<p>North Serwis to do\u015bwiadczona firma dzia\u0142aj\u0105ca na rynku od 2008 roku, specjalizuj\u0105ca si\u0119 w kompleksowym monta\u017cu, demonta\u017cu oraz serwisie maszyn przemys\u0142owych, w szczeg\u00f3lno\u015bci urz\u0105dze\u0144 z grupy HOMAG \u2013 lidera w dziedzinie technologii dla przemys\u0142u meblarskiego i drzewnego. Od pocz\u0105tku dzia\u0142alno\u015bci koncentrujemy si\u0119 na wysokiej jako\u015bci us\u0142ugach technicznych, zapewniaj\u0105c naszym klientom niezawodne wsparcie na ka\u017cdym etapie &hellip; <\/p>\n<p class=\"link-more\"><a href=\"https:\/\/northserwis.pl\/\" class=\"more-link\">Czytaj dalej<span class=\"screen-reader-text\"> \u201eHome\u201d<\/span><\/a><\/p>\n","protected":false},"author":1,"featured_media":75,"parent":0,"menu_order":0,"comment_status":"closed","ping_status":"closed","template":"","meta":{"footnotes":""},"class_list":["post-10","page","type-page","status-publish","has-post-thumbnail","hentry"],"_links":{"self":[{"href":"https:\/\/northserwis.pl\/index.php\/wp-json\/wp\/v2\/pages\/10","targetHints":{"allow":["GET"]}}],"collection":[{"href":"https:\/\/northserwis.pl\/index.php\/wp-json\/wp\/v2\/pages"}],"about":[{"href":"https:\/\/northserwis.pl\/index.php\/wp-json\/wp\/v2\/types\/page"}],"author":[{"embeddable":true,"href":"https:\/\/northserwis.pl\/index.php\/wp-json\/wp\/v2\/users\/1"}],"replies":[{"embeddable":true,"href":"https:\/\/northserwis.pl\/index.php\/wp-json\/wp\/v2\/comments?post=10"}],"version-history":[{"count":5,"href":"https:\/\/northserwis.pl\/index.php\/wp-json\/wp\/v2\/pages\/10\/revisions"}],"predecessor-version":[{"id":60,"href":"https:\/\/northserwis.pl\/index.php\/wp-json\/wp\/v2\/pages\/10\/revisions\/60"}],"wp:featuredmedia":[{"embeddable":true,"href":"https:\/\/northserwis.pl\/index.php\/wp-json\/wp\/v2\/media\/75"}],"wp:attachment":[{"href":"https:\/\/northserwis.pl\/index.php\/wp-json\/wp\/v2\/media?parent=10"}],"curies":[{"name":"wp","href":"https:\/\/api.w.org\/{rel}","templated":true}]}}